4)).
-10
What is the value of 4 + 26 + (-27 - 4) + (2 + 0 - 19)?
-18
Calculate -363 - -346 - (-46 + 0).
29
What is -41 + (-8 + 3 - (-5 + (9 - 4)))?
-46
What is -41 + (7 - (-8 - (-11 - (-6 - -3))))?
-34
What is -229 - (-13 + -284 - -133)?
-65
What is the value of 10 + -16 + (48 - 6) + -15?
21
Evaluate -5 + -16 + 2 + (-3 - 3 - -12).
-13
4 + 23 - 8 - (-13 + -51 - 0)
83
Calculate (-137 - (1 + 4) - (4 + -12)) + -106 + 119.
-121
What is (10 - (48 - (67 - 36))) + -8?
-15
What is the value of -8 - (-6 + 3 + -2 - ((-27 - 12) + -40))?
-82
Evaluate 22 + 169 + -125 - 116.
-50
(26 - (-27 - -28) - -45) + -9
61
What is 12 - 3 - (-25 + 74) - 19?
-59
What is the value of -2 + (44 - 105 - -30)?
-33
What is the value of 43 + -87 + 85 + (4 - (-5 + -4))?
54
What is the value of -39 - (14 - (-25 + 50)) - (1 + -12)?
-17
What is the value of -186 + -25 + 63 - -108?
-40
What is -7 - (0 + -18 - ((-3 + 0 - -1) + -8))?
1
What is -60 - (((11 - (-12 + 5)) + -14 - 9) + -10)?
-45
What is 6 - 61 - (11 + (14 - (1 - -13)) + -16)?
-50
Evaluate (-1 - (3 - -17)) + (11 - 3) + 59.
46
What is the value of 70 - ((14 - -4) + 25 - 28)?
55
Calculate (-22651 - -22529) + (0 - -123).
1
What is -30 + 0 + 7 + 18 - 8?
-13
What is -1 - 63 - (5 + (-68 - (-82 + 22)))?
-61
Calculate 1 - (-2 - 15) - 30 - -19.
7
Calculate ((-122 - (-6 + 8)) + (22 - 8) - -8) + -2.
-104
What is -6 - (6 - (15 + -1 + 2))?
4
Calculate (-2 - 20) + -41 + (58 - (37 + -16)).
-26
What is the value of -1 - -14 - (153 + -23 + 1 + -49)?
-69
-592 + 539 - (-2 + -10 + 3)
-44
Calculate 216 + -18 + (-172 - -81).
107
Calculate -2 + 15 + -35 + 32.
10
What is the value of 84 + (54 + -66 - 63)?
9
Calculate (81 - 124) + 29 + -88.
-102
Evaluate 103 + (-13 + 43 - 37 - 41).
55
-28 + -19 + -67 + -17 + 7 - -1
-123
What is -57 + (-46 - -206) + -75?
28
What is the value of (611 - 661) + 107 + -4?
53
What is the value of -1612 - -1674 - (83 - -4)?
-25
Evaluate 29 - (-30 - -50) - -14.
23
Evaluate 46 + (2 + -169 - (718 - 712)).
-127
What is 84 + 0 - (205 + -183 + -2 + 2 + -11)?
73
What is the value of 34 + -18 + -30 + 13 + 23?
22
7 + (2 - (18 - 16)) + -1 + -1 - -59
64
What is the value of 30 - (-48 + (-31 - 8))?
117
What is 14 + 51 + (-2 + 13 - -46)?
122
What is the value of (0 - (4 + -11)) + -4 + -1 - 41?
-39
Calculate 22 + -24 + 17 + 11 - -8.
34
-30 + 51 + (-7 - -16 - -8)
38
What is the value of 113 + -113 + -4 + 61?
57
What is -1462 - -1405 - (-9 - -2)?
-50
Evaluate 8 - ((11 - -15 - 25) + -1 + 15 - -9).
-16
Evaluate (-70 - -18 - -91) + 40.
79
Evaluate 6331 + -6339 + (14 - -1).
7
Calculate -24 + (-18 + 4 - (-16 + -24 + -14)).
16
Evaluate (-4 - -2 - (-63 + 59 + -30 + 2)) + 0.
30
Calculate 131 - (32 + -1 - -44).
56
What is the value of 18 - 0 - (6 + -5) - (-58 - 8)?
83
What is the value of -51 - (23 + 39 + -85)?
-28
Evaluate -41 + (55 + -91 - -65).
-12
Evaluate -6 + (18 - 26) - (7 + -1).
-20
(50 - -2) + (11 - (1 - 10 - -26 - 6))
52
Calculate -11 + 20 + (3 - 16) - (116 + -102).
-18
Calculate 44 - (21 - ((9 - (-8 - -19)) + 9)).
30
Calculate 11 + -6 + 0 + -1 + -21.
-17
Evaluate -30 - (-84 - -109 - (102 - -1)).
48
What is (27 - 28) + (-42 - -76)?
33
Calculate -68 - (-65 - -28) - ((-6 - 5) + -3).
-17
What is the value of (-92 - -102) + 0 - (2 - (1 - (1 - 69)))?
77
What is the value of 109 - (-82 + 270 + -64)?
-15
What is the value of -5 + (16 - 5) + (5 + -8 - -11 - -39)?
53
Calculate -106 - 0 - ((117 - 67) + 7 + -39 + -12).
-112
Calculate -38 - 1 - (-4 - 16 - -10 - 2).
-27
(5 + -3 - -56) + -29 + (-18 - -46)
57
What is 2 - (-1 - (1 - 0)) - (11527 + -11557)?
34
-64 - (0 - (0 + -4) - (-1558 - -1575))
-51
What is the value of 74 + -4 + -56 + (31 - -2)?
47
-95 + -6 + 5 + (22 + -31 - -5 - 11)
-111
What is the value of (-5 - -10 - 10) + -2 - (668 - 668)?
-7
(54 - 41) + (0 - 7) + -10 - (-9 - -40)
-35
Calculate 68 + -39 - (14 - -67) - 27.
-79
Evaluate 18 + (12 - 113 - 19) - -47.
-55
What is the value of 75 + (-4 - (-25 - 2)) + -19?
79
Evaluate (52 + -47 - (1 - -4) - 57) + 9.
-48
Evaluate 29 + 32 - 12 - 28.
21
Evaluate 1 + (-3 - -6) + 9 - (364 + -225).
-126
-139 + (-32 - -31) + 41
-99
Calculate 17 + (11 - (0 - 29 - (-88 - -84))).
53
Calculate 198 + -169 + (10 - 53 - 0).
-14
What is 46 + (-31 + (12 - -13) - -5)?
45
70 + (-248 - -186) - (-11 - 0)
19
(-13 - -22) + 82 + (-15 - 4 - -15)
87
Calculate 42 - -1 - (-9 + (19 - 32) + 24).
41
What is the value of 3 + 4 - 42 - (3 + 10 - 2)?
-46
-1 - (19 + -1) - (-30 + (-52 - (-72 + -20)))
-29
What is the value of -57 - ((-16 - (-29 - 4)) + 22)?
-96
-12 + (1 + -9 - -1) + 15 + (-14 - 30)
-48
Evaluate 3 - 1 - (-1 - 5 - (-46 - -8)).
-30
What is the value of 30 + 78 + -13 + -24 + -40?
31
Evaluate 2 + 1 + (11 - 1) + -15.
-2
Evaluate 55 - ((49 + -53 - (-1 - 3)) + 11).
44
2 - -1 - -22 - (-86 + 65 + 8 + 3)
35
-14 - (-58 + 0 + 124 + -142 + (19 - 2))
45
Evaluate -11 + 14 + -15 + 26 + -132 + (3 - -12).
-103
What is the value of 33 + 6 - (26 + 37 + -68 + (-5 - 0))?
49
Evaluate 2 + 29 + (35 + -32 - (3 - 0) - -9).
40
Evaluate -3 + (6 - -7) - (-382 - -380).
12
Calculate -9 + (19 + 26 + -33 - (-24 - (0 + 0))).
27
Evaluate -20 + 90 - (113 - 38).
-5
What is the value of 12000 - 12069 - (36 - -1)?
-106
What is the value of (52 + -51 - (-2 - -10)) + 6 + -67 + 4?
-64
What is 56 - (141 + -81 - -35)?
-39
(2 - 2 - 0 - 5) + (591 - 535)
51
Evaluate -75697 - -75727 - (-1 + 1 - -1 - -3).
26
Calculate 1 + -39 + (15 - (23 - 10 - 18) - 12).
-30
What is -9 - (-99 + 60 + 77)?
-47
What is -27 - (107 - 104) - 74?
-104
What is 89 + (17 + 3 - 38 - 7)?
64
Calculate 45 - ((-14 - 41) + -4 - -32).
72
(-2 - 2 - -2) + (67 - (11 - -4 - 9))
59
144 - (-22 - -91) - 133
-58
Calculate ((-1 - -6) + (-99 - -105) - 36) + 1.
-24
What is the value of -42 - (0 + -5 + (9 - (-8 - -24)))?
-30
Evaluate (46 - 9) + 28 + -25 + 17.
57
What is 77 - (2 + 59 + -15)?
31
-25 + -2 + 6 + 6 - (59 - 50)
-24
Evaluate -96 - (70 + -24 + -89).
-53
Evaluate -22 - 1 - (-36 + 40 + 61 + -60).
-28
Evaluate -1 + -1 - 13 - (133 - (155 - 129)).
-122
Calculate -2 + -9 + 29 + -11 + -17.
-10
What is (123 - 126) + -102 + (0 + 14 - 3)?
-94
Evaluate (3 + -16 + 10 - (60 - (-7 - -3))) + 8.
-59
Evaluate 1 + (-3 + -3 + 11 - 11) - -38.
33
What is the value of 39 + 19 + (20 - 159) - -33?
-48
Evaluate 102 + -81 - (0 + (21 - 8)) - (-10 + -2).
20
Evaluate (-1 - 1) + 2 + (-11 - -8 - 40 - 26).
-69
Evaluate 1 - (0 - -2) - (79 - 79) - (81 + -61).
-21
-15 + (15 - 37) + 11
-26
What is the value of 4 + 38 - 57 - (-1 + -28)?
14
Evaluate 7 - ((0 - -83) + (3 - 94 - -110)).
-95
9 + (-11 - -20) + -41
-23
-26 + ((-61 - -34) + 95 - 32) + (5 - 1)
14
Evaluate 40 + (-6 - (65 + 7)).
-38
Calculate (-3 - -20) + 421 + -429.
9
Calculate 4 + -4 + -27 + -6 - -131.
98
Evaluate 0 + -3 + -47 - (46 + -62 + 25).
-59
Evaluate -5434 + 5468 + (8 - (-2 + 1)).
43
What is -9 + ((89 + -93 - (-11 - -1)) + -7 - -4)?
-6
Evaluate -6 + -20 + 35 + 112 + -22.
99
Evaluate -88 + 90 + 2 + -19 + -3 + -2.
-20
What is the value of (133 - 142) + (-14 - 1) - (5 + -17)?
-12
What is 108 + (105 - -2 - 150)?
65
Calculate 19 + -2 + (-32 - (2 - 22 - 0)).
5
Calculate -45 - (-15 + (-48 + 59 - 148)).
107
-1352 + 1197 + 0 + 121
-34
What is -7 + 8 + 10 + 2 + -4 + 9?
18
Calculate 21 - (-13 + 8 - (4 - -8)).
38
Evaluate -35 - ((-16 - -1) + (-109 - -105)).
-16
What is the value of (-15 - 2) + (-2039 - -2084)?
28
What is the value of -114 - (-126 + (17 - -48))?
-53
Evaluate (-1540 + 1540 - (-1 - 21)) + (-6 - 1).
15
Calculate -160 + 149 + (2 + 8 - 5) + -7.
-13
What is the value of (-58 - -5) + (0 + 29 - (-7 + 17))?
-34
Calculate -3 + -14 + 10 - (-8 + -12 + 6).
7
What is the value of -14 + 122 + (-44 - -21) + 16 + 1?
102
Evaluate (27 - 53 - -13) + 1 + -22.
-34
Calculate (-8 - -25) + -5 + -2 - (-24 + (14 - 20)).
40
Calculate -30 - (-20 + -63 + 28).
25
What is 16 + (13 - -27) - 87 - ((9 - 0) + 0)?
-40
Calculate (-4 - (-14 + -19) - -8) + 22 + -38.
21
(-1 - ((18 - (0 + 13)) + 1)) + (-1 - -66)
58
Calculate -88 + (-14 - -20 - -47).
-35
What is 5 - (-44 + 0) - -3 - 0?
52
(2 + 2 + 2 - 10) + (-9 + -44 - -41)
-16
What is -7 + -4 + 1 - -32 - (7 + 0)?
15
What is 2 + -45 + 35 + -18 - -19?
-7
-44 + (-44 - (-71 - 4))
-13
Calculate 46 - 3 - ((-17 - 36) + 48).
48
Evaluate -6 + -1 - (-75 - (-51 - 14) - (50 + -1)).
52
148 - (26 - (-74 + -12))
36
What is -80 + 5 + 107 + -19?
13
Evaluate (31 - 5) + 220 + -27